57118 is divided by 2328550?
18
What is the remainder when 15733 is divided by 1519?
543
Calculate the remainder when 829197 is divided by 529.
254
What is the remainder when 4576545 is divided by 55139?
8
Calculate the remainder when 14932677 is divided by 7466320.
37
Calculate the remainder when 9077185 is divided by 43.
14
Calculate the remainder when 14795579 is divided by 105.
29
What is the remainder when 234983 is divided by 4145?
2863
What is the remainder when 740656 is divided by 813?
13
Calculate the remainder when 4710332 is divided by 214106.
0
Calculate the remainder when 1175769 is divided by 2074.
1885
Calculate the remainder when 585875 is divided by 53261.
4
Calculate the remainder when 3348833 is divided by 708.
701
What is the remainder when 473635 is divided by 183?
31
Calculate the remainder when 12218911 is divided by 671.
1
What is the remainder when 1698262 is divided by 178?
142
What is the remainder when 16375151 is divided by 133130?
161
What is the remainder when 39816083 is divided by 58?
11
Calculate the remainder when 1893807 is divided by 540.
27
What is the remainder when 3065695 is divided by 4535?
35
What is the remainder when 509899 is divided by 3865?
3584
What is the remainder when 129738 is divided by 949?
674
Calculate the remainder when 593434 is divided by 2075.
2059
What is the remainder when 6107988 is divided by 2035967?
87
Calculate the remainder when 8652167 is divided by 11193.
11171
Calculate the remainder when 29215 is divided by 7298.
23
What is the remainder when 696513 is divided by 144?
129
What is the remainder when 1414465091 is divided by 461?
458
Calculate the remainder when 11636 is divided by 10635.
1001
Calculate the remainder when 59722 is divided by 179.
115
What is the remainder when 24301569 is divided by 71?
44
What is the remainder when 611653 is divided by 35976?
61
What is the remainder when 415310 is divided by 415202?
108
What is the remainder when 29055853 is divided by 1873?
4
What is the remainder when 29766842 is divided by 1240282?
74
What is the remainder when 46137321 is divided by 337?
336
What is the remainder when 61197 is divided by 11957?
1412
Calculate the remainder when 4147458 is divided by 232.
226
What is the remainder when 508227 is divided by 1359?
1320
What is the remainder when 489961 is divided by 197?
22
Calculate the remainder when 5463004 is divided by 346.
10
What is the remainder when 814928 is divided by 67904?
80
What is the remainder when 19434 is divided by 2236?
1546
What is the remainder when 2369709 is divided by 2344?
2269
Calculate the remainder when 68217360 is divided by 27.
24
Calculate the remainder when 3214155 is divided by 351.
48
What is the remainder when 39501 is divided by 9727?
593
What is the remainder when 945758 is divided by 2928?
14
Calculate the remainder when 401128 is divided by 367.
364
Calculate the remainder when 8890756 is divided by 379.
174
What is the remainder when 2574032 is divided by 11647?
45
Calculate the remainder when 21051834 is divided by 35986.
24
What is the remainder when 22724649 is divided by 598017?
3
Calculate the remainder when 448133 is divided by 148157.
3662
Calculate the remainder when 21653611 is divided by 35.
21
Calculate the remainder when 134227 is divided by 2996.
2403
What is the remainder when 149796 is divided by 8270?
936
What is the remainder when 2302947 is divided by 279?
81
What is the remainder when 23082172 is divided by 2885271?
4
Calculate the remainder when 553326 is divided by 3616.
78
What is the remainder when 45349048 is divided by 118?
114
Calculate the remainder when 1644586 is divided by 186.
160
What is the remainder when 134298215 is divided by 849?
848
What is the remainder when 494757 is divided by 70641?
270
Calculate the remainder when 2507 is divided by 749.
260
What is the remainder when 168992801 is divided by 1046?
1041
What is the remainder when 242169 is divided by 48428?
29
What is the remainder when 57159 is divided by 73?
0
What is the remainder when 504103 is divided by 168002?
97
Calculate the remainder when 20445889 is divided by 3708.
3685
Calculate the remainder when 75168 is divided by 564.
156
Calculate the remainder when 57004 is divided by 18889.
337
What is the remainder when 17779081 is divided by 3404?
3393
What is the remainder when 14657 is divided by 2252?
1145
What is the remainder when 131190488 is divided by 21865080?
8
Calculate the remainder when 130083 is divided by 438.
435
What is the remainder when 1562712 is divided by 1562700?
12
What is the remainder when 14576063 is divided by 192?
191
What is the remainder when 370850 is divided by 119?
46
What is the remainder when 24247214 is divided by 1515450?
14
What is the remainder when 1653210 is divided by 83?
16
What is the remainder when 43616 is divided by 14531?
23
What is the remainder when 35540671 is divided by 1586?
1583
What is the remainder when 10935 is divided by 4572?
1791
Calculate the remainder when 28363225 is divided by 1468.
1465
Calculate the remainder when 33403 is divided by 7921.
1719
What is the remainder when 1491677 is divided by 5476?
2205
What is the remainder when 35808905 is divided by 39?
2
Calculate the remainder when 116482879 is divided by 142.
137
What is the remainder when 15973987 is divided by 499?
498
Calculate the remainder when 137566 is divided by 9087.
1261
Calculate the remainder when 33541 is divided by 32.
5
What is the remainder when 970813 is divided by 6472?
13
What is the remainder when 18319 is divided by 2283?
55
Calculate the remainder when 71437 is divided by 1273.
149
What is the remainder when 284112 is divided by 2332?
1940
What is the remainder when 144163 is divided by 28816?
83
Calculate the remainder when 1639110 is divided by 409576.
806
What is the remainder when 7685059 is divided by 334132?
23
Calculate the remainder when 39936595 is divided by 24.
19
What is the remainder when 345267 is divided by 834?
825
Calculate the remainder when 3368859 is divided by 187157.
33
What is the remainder when 1578576 is divided by 394644?
0
What is the remainder when 134058 is divided by 104?
2
What is the remainder when 805595 is divided by 212?
207
Calculate the remainder when 414101 is divided by 582.
299
Calculate the remainder when 3095539 is divided by 343938.
97
Calculate the remainder when 32444662 is divided by 285.
262
What is the remainder when 1246920 is divided by 77?
59
Calculate the remainder when 1302067869 is divided by 6804.
6801
Calculate the remainder when 3551046 is divided by 41.
36
What is the remainder when 56650 is divided by 1558?
562
Calculate the remainder when 46787 is divided by 23214.
359
Calculate the remainder when 51863 is divided by 463.
7
What is the remainder when 111559112 is divided by 94?
6
Calculate the remainder when 46858498 is divided by 2403.
2401
What is the remainder when 2218686 is divided by 1542?
1290
What is the remainder when 450666 is divided by 7387?
59
What is the remainder when 1355666 is divided by 451824?
194
What is the remainder when 9002257 is divided by 83?
77
Calculate the remainder when 46282087 is divided by 28.
19
What is the remainder when 1101443 is divided by 13942?
25
Calculate the remainder when 8689255 is divided by 12.
7
What is the remainder when 449327 is divided by 303?
281
What is the remainder when 192467 is divided by 188425?
4042
Calculate the remainder when 873949769 is divided by 30.
29
Calculate the remainder when 512321 is divided by 42.
5
What is the remainder when 29966 is divided by 993?
176
Calculate the remainder when 1660215 is divided by 830037.
141
Calculate the remainder when 140098 is divided by 4496.
722
What is the remainder when 103738 is divided by 12962?
42
Calculate the remainder when 42096468 is divided by 3006887.
50
What is the remainder when 12075530 is divided by 60?
50
Calculate the remainder when 16967050 is divided by 859.
82
Calculate the remainder when 334719 is divided by 161.
0
What is the remainder when 593550 is divided by 174?
36
What is the remainder when 1541613 is divided by 192579?
981
Calculate the remainder when 38555 is divided by 1987.
802
What is the remainder when 1233661 is divided by 7?
2
Calculate th